 What is f(0)?
-20
Let h(t) = -t**3 - 2*t**2 - t - 5. Give h(-2).
-3
Let k(u) = 2*u**2 + 17*u - 6. What is k(-11)?
49
Let q(n) = -n**2 + 19*n - 2. Determine q(8).
86
Let r(c) = -c**3 + 9*c**2 - 17*c + 15. Determine r(7).
-6
Let h(g) = g**2 + 23*g - 19. What is h(-24)?
5
Let d(f) = 4*f - 11. Determine d(2).
-3
Let v(t) = t**2 + t + 10. Determine v(11).
142
Let n(w) = -3*w**2 - 22*w - 16. Give n(-8).
-32
Let h(n) = -n**3 + 5*n**2 + 8*n - 5. Give h(5).
35
Let h(o) = -2*o**3 - 32*o**2 - 33*o + 3. Give h(-15).
48
Let t(j) = 2*j**2 - 2*j + 7. Determine t(-3).
31
Let g(v) = v**2 - 18*v - 24. Calculate g(19).
-5
Let d(c) = -17*c + 72. What is d(4)?
4
Let w(y) = y**2 + 12*y + 37. What is w(-5)?
2
Let j(x) = -x**2 - 9*x - 9. Determine j(-8).
-1
Let g(p) = 3*p + 27. Calculate g(-9).
0
Let p(o) = -3*o - 31. What is p(-14)?
11
Let p(j) = 2*j - 2. Determine p(0).
-2
Let r(m) = m**3 + 12*m**2 + 15*m + 20. Calculate r(-11).
-24
Let s(v) = 9*v + 13. Calculate s(-17).
-140
Let l(n) = -n**3 + 28*n**2 + 6*n - 173. Give l(28).
-5
Let m(d) = -d**3 + 9*d**2 + 25*d - 35. Calculate m(11).
-2
Let r(k) = -43*k + 2. Give r(1).
-41
Let x(j) = j**2 - 18*j - 4. What is x(10)?
-84
Let w(p) = p**3 - 4*p**2 - 5*p + 4. Give w(5).
4
Let g(w) = -4*w**3 - 2*w**2 + 2*w. What is g(1)?
-4
Let f(y) = 3*y + 2. What is f(-2)?
-4
Let r(j) = j**3 + 7*j**2 + 9*j + 3. Determine r(-6).
-15
Let j(p) = p**3 - 6*p**2 + 5*p - 2. What is j(3)?
-14
Let q(n) = -85*n**3 + 2*n**2 + 4*n + 4. Calculate q(-1).
87
Let l(u) = -u**3 + 5*u**2 - 4*u - 3. Calculate l(4).
-3
Let d(q) = 5*q**2 - 31*q + 3. Determine d(6).
-3
Let r(c) = 2*c**3 + 4*c**2 - 2*c - 11. Give r(-3).
-23
Let y(u) = 3*u**2 - u - 19. What is y(4)?
25
Let j(w) = 2*w**2 + 23*w - 14. Determine j(-12).
-2
Let u(s) = 3*s + 85. Determine u(-35).
-20
Let f(x) = -x + 1. Calculate f(0).
1
Let a(k) = k**3 - 9*k**2 - 11*k + 6. Give a(10).
-4
Let n(z) = z**3 + 2*z**2 + z. What is n(-4)?
-36
Let s(n) = -n**3 - 7*n**2 - 8*n + 4. Determine s(-5).
-6
Let r(i) = i**3 - 9*i**2 - 20*i - 14. Determine r(11).
8
Let a(m) = m**3 - 8*m**2 - 10*m + 12. What is a(9)?
3
Let a(s) = s**2 - 3*s - 1. Determine a(-2).
9
Let t(y) = y**3 + 20*y**2 - 12*y + 185. Calculate t(-21).
-4
Let q(z) = -7*z - 11. Determine q(-6).
31
Let j(l) = l**2 + 6*l - 9. What is j(-5)?
-14
Let m(i) = -i**3 + 7*i**2 - 3*i + 4. Calculate m(7).
-17
Let u(v) = -3*v**2 - 13*v + 9. What is u(-7)?
-47
Let z(n) = 2*n**3 - 42*n**2 + 2*n - 39. Calculate z(21).
3
Let t(u) = -u**3 + 14*u**2 - 49*u + 42. Give t(9).
6
Let x(t) = -t**3 - 5*t**2 + 9*t - 3. Determine x(-6).
-21
Let x(a) = -4*a**2 + 4*a + 4. What is x(4)?
-44
Let i(d) = -d + 6. Give i(8).
-2
Let b(j) = -j**2 - j. Calculate b(3).
-12
Let a(j) = j**2 + 9*j + 9. Calculate a(-8).
1
Let t(n) = -12*n - 10. Calculate t(-1).
2
Let r(u) = 9*u**3 - 2*u**2 - 3*u - 2. What is r(-2)?
-76
Let i(d) = 15*d - 12. Determine i(1).
3
Let m(z) = z**3 + 3*z**2 - 4*z - 12. What is m(-5)?
-42
Let l(u) = -u**3 + 10*u**2 - 3*u + 25. Determine l(10).
-5
Let k(a) = -a**3 - 27*a**2 + 56*a - 59. What is k(-29)?
-1
Let w(c) = c**3 - 10*c**2 + c - 2. Calculate w(4).
-94
Let l(s) = -s**2 - 12*s - 42. What is l(-8)?
-10
Let x(b) = -2*b + 35. What is x(15)?
5
Let u(i) = 2*i - 9. What is u(6)?
3
Let q(f) = -f**3 - 2*f + 8. What is q(0)?
8
Let x(i) = -i**3 - 7*i**2 + 5*i - 4. What is x(-8)?
20
Let b(h) = h**2 + 14*h + 53. What is b(-9)?
8
Let t(q) = 7*q**2 + 3*q. Calculate t(-2).
22
Let p(t) = -10*t + 29. What is p(4)?
-11
Let a(n) = 2*n + 11. Determine a(-4).
3
Let q(w) = 49*w - 5. What is q(2)?
93
Let p(o) = -o**3 - 8*o**2 + 8*o - 20. Give p(-9).
-11
Let k(a) = 4*a**2 - 8*a - 14. What is k(4)?
18
Let h(u) = u**3 - 10*u**2 + 17*u - 9. Give h(8).
-1
Let l(i) = i**3 + 4*i**2 - 6*i - 1. What is l(-4)?
23
Let m(a) = a + 5. What is m(-7)?
-2
Let q(b) = -2*b + 13. Determine q(10).
-7
Let n(h) = 2*h**2 - 10*h - 18. Give n(8).
30
Let d(g) = -g**3 + 12*g**2 - g + 5. Calculate d(12).
-7
Let i(q) = -2*q + 28. Give i(12).
4
Let k(b) = b**2 + 4*b - 196. What is k(12)?
-4
Let a(g) = -g**2 - 9*g + 19. Calculate a(-11).
-3
Let d(h) = h - 11. Give d(3).
-8
Let d(m) = -m - 16. Determine d(-14).
-2
Let j(t) = t - 20. Determine j(18).
-2
Let p(j) = j**3 - 16*j**2 - 52*j - 52. Determine p(19).
43
Let h(w) = -20*w**2 + 55*w - 55. Give h(1).
-20
Let y(l) = 3*l**2 - 14*l + 20. Calculate y(3).
5
Let h(d) = 4*d + 15. Calculate h(-11).
-29
Let m(z) = z**2 - 23*z + 19. Give m(12).
-113
Let h(a) = -a**3 + 13*a**2 - 29*a + 2. What is h(10)?
12
Let o(t) = -t**3 - 2*t**2 - 4*t - 2. Give o(-2).
6
Let t(u) = u**2 + 8*u + 4. Give t(-3).
-11
Let f(s) = 4*s - 31. Calculate f(11).
13
Let z(o) = o**3 - 7*o**2 - 4*o + 9. Give z(7).
-19
Let l(n) = n**2 - 14*n + 50. Calculate l(12).
26
Let u(c) = 2*c**2 - 41*c - 346. Calculate u(27).
5
Let y(j) = 4*j + 30. Determine y(-5).
10
Let w(k) = -k**2 - 9*k - 10. Give w(-6).
8
Let x(w) = w**2 - 7. What is x(-3)?
2
Let p(c) = c**2 + 37*c - 160. Calculate p(-41).
4
Let u(n) = -n**2 + 2*n + 42. Calculate u(8).
-6
Let o(j) = j**2 - 49. What is o(0)?
-49
Let q(t) = t**3 - 2*t**2 + 2*t - 3. Calculate q(2).
1
Let c(i) = 3*i**2 + 123*i + 7. Determine c(-41).
7
Let z(r) = -r**2 - 11*r - 5. Give z(-10).
5
Let t(s) = -21*s - 84. What is t(-4)?
0
Let r(u) = -2*u**3 + 25*u**2 + 9*u + 30. Determine r(13).
-22
Let r(j) = 12*j. What is r(-5)?
-60
Let t(x) = x**3 + 21*x**2 + 20*x - 14. Calculate t(-20).
-14
Let b(a) = a**3 - 4*a**2 + 5*a - 3. Give b(3).
3
Let j(l) = -l**3 - l**2 - l + 3. Give j(-2).
9
Let u(v) = -6*v + 8. Give u(5).
-22
Let h(b) = 9*b - 4. What is h(2)?
14
Let r(o) = -o**3 - 6*o**2 + 16*o - 9. Calculate r(-8).
-9
Let u(c) = 2*c - 7. Calculate u(5).
3
Let t(l) = -5*l**3 + l**2 + 3*l - 4. Determine t(2).
-34
Let z(n) = -n**3 + 11*n**2 + 13*n - 10. What is z(12)?
2
Let b(r) = r**3 - 5*r**2 - 13*r - 2. What is b(7)?
5
Let o(z) = -z**3 + z**2 + 2*z - 41. Determine o(0).
-41
Let p(w) = -w - 7. What is p(-10)?
3
Let s(t) = -3*t**3 - 38*t**2 + 16*t + 43. What is s(-13)?
4
Let g(f) = -2*f**2 + f - 3. Give g(4).
-31
Let k(s) = 2*s**2 + 3*s - 18. What is k(3)?
9
Let p(j) = -j**3 + 5*j**2 - 8*j + 10. Give p(4).
-6
Let w(s) = s + 6. Calculate w(-16).
-10
Let t(p) = -p**3 - 8*p**2 + 3*p + 52. What is t(-5)?
-38
Let g(w) = w**3 - 6*w**2 + 9*w - 10. Calculate g(3).
-10
Let y(a) = 2*a + 11. Determine y(-7).
-3
Let n(o) = -2*o**2 + 32*o + 66. Determine n(18).
-6
Let z(i) = i. Give z(2).
2
Let b(x) = 3*x - 35. Calculate b(17).
16
Let j(f) = f**3 + 4*f**2 + f + 1. Calculate j(-4).
-3
Let c(t) = -12*t + 7. Determine c(5).
-53
Let k(p) = p**3 - 20*p**2 - 21*p + 9. What is k(21)?
9
Let v(q) = -11*q + 2. Calculate v(1).
-9
Let j(y) = y**3 + 7*y**2 + 11*y - 5. What is j(-5)?
-10
Let v(l) = l**3 - 8*l**2 + 14*l - 3. What is v(6)?
9
Let o(h) = -11*h**2. Calculate o(2).
-44
Let i(n) = 6*n + 4. Determine i(5).
34
Let v(d) = d**3 - 11*d**2 + 5. Determine v(11).
5
Let k(v) = -37*v + 2. Give k(1).
-35
Let v(b) = b**2 - 5*b - 3. Give v(6).
3
Let d(g) = g**3 + 16*g**2 - 3*g - 6. Calculate d(-16).
42
Let f(q) = -2*q**2 - 4*q. What is f(3)?
-30
Let h(a) = 6*a**3 + a**2 - 2*a - 2. What is h(-2)?
-42
Let o(x) = x + 24. What is o(-4)?
20
Let p(v) = 5*v**2 - v + 2. What is p(2)?
20
Let k(s) = s**2 - 14*s - 19. Give k(12).
-43
Let t(c) = c**2 - 20*c + 78. Give t(6).
-6
Let r(z) = -z**2 + 5*z + 26. Calculate r(8).
2
Let v(t) = 90*t**3 + 2*t**2 - 2*t + 2. Determine v(1).
92
Let w(o) = -o**3 - 18*o**2 - 21*o - 74. Give w(-17).
-6
Let c(v) = -v**3 + v**2 - v - 1. Determine c(-3).
38
Let p(l) = l**2 - 3. Determine p(3).
6
Let v(q) = q**2 + 7*q + 8. Determine v(-5).
-2
Let d(l) = 4*l + 4. What is d(0)?
4
Let n(z) = z**2 - 6*z - 24. What is n(-7)?
67
Let w(z) = -z**2 - z + 23. Calculate w(-6).
-7
Let y(c) = 7*c - 32. Calculate y(5).
3
Let t(y) = -2*y**3 + 8*y**2 + 13*y - 12. Determine t(5).
3
Let l(m) = -4*m**2 + 27*m - 2. Determine l(6).
16
Let s(i) = -i**3 - 5*i**2 + 5. What is s(-4)?
-11
Let x(d) = -19*d. Determine x(-1).
19
Let d(f) = -f**2 - 36*f - 265. What is d(-11)?
10
Let f(c) = 3*c + 4. Determine f(5).
19
Let i(a) = -a**2 - 13*a - 4. What is i(-13)?
-4
Let y(g) = 3*g + 4. Calculate y(2).
10
Let m(p) = 2*p + 19. Give m(-9).
1
Let t(c) = -2*c**3 + 5*c - 8. Give t(0).
-8
Let v(y) = 38*y + 947. What is v(-25)?
-3
Let